e 5*t = 5*r + 155, 2*r - 6 = -4*t - 44. Let h = r - -29. What are the prime factors of h/14 + 5735/35?
2, 41
Let x(h) = -167*h + 21. Let z = 333 - 342. What are the prime factors of x(z)?
2, 3, 127
Suppose 5*z - 2*h - 32627 - 15947 = 0, 29144 = 3*z - h. What are the prime factors of z?
2, 3, 1619
Let f be (8/(-10))/((-30)/23700). Suppose r - 1385 = -3*d + f, 1992 = r - 2*d. List the prime factors of r.
2, 7, 11, 13
What are the prime factors of (593/(-4744))/((-2)/773296)?
17, 2843
Suppose 2*l - 47967 = -5*c, -17*l - 8 = -15*l. What are the prime factors of c?
5, 19, 101
Let d(o) = o**2 + 23*o - 7. Let p be d(-21). Let t = -11 + p. Let q = t + 117. List the prime factors of q.
3, 19
Let u = 13082 + -2292. What are the prime factors of u?
2, 5, 13, 83
Let z(v) = v**2 + 8*v + 11. Let c be z(-7). Suppose c*i - 507 = 3*m + 2*i, 15 = 5*i. Let j = -30 - m. What are the prime factors of j?
137
Let o(j) = 3087*j + 9177. List the prime factors of o(9).
2, 3, 5, 7, 11
Let q be (-10)/(-8) + (-10910)/(-40). Let j = q - -78. What are the prime factors of j?
2, 11
Let u = 80570 + -41778. List the prime factors of u.
2, 13, 373
Suppose 0 = -24*i + 11*i. Suppose -2*q - 7 + 5 = i. What are the prime factors of (-444)/18*(-2 - (2 + q))?
2, 37
Let p(o) = 5*o**2 + 7*o + 5. Let q be ((20/3)/2)/((-8)/(-12)). Let t be p(q). Suppose 3*w - 2*k = 80, 0 = 3*w + 2*w + 3*k - t. List the prime factors of w.
2, 3, 5
Let y(q) = -33*q**3 - 3*q**2 - 8*q + 35. List the prime factors of y(-6).
7103
Let d(k) = -k**3 - 6*k**2 - 2*k**3 + 2*k**3 + 16 + 4*k + 0*k**3. Let c be d(-6). List the prime factors of (-1)/2 - 796/c.
3, 11
Suppose -3*c + 1179 = 3*v, -5*c + 4*v + 0*v = -1929. Suppose 15*g = 3826 + c. List the prime factors of g.
281
Let n = 40341 + -26756. List the prime factors of n.
5, 11, 13, 19
Suppose 9857 = o - n, 0 = -3*o - n + 26913 + 2638. What are the prime factors of o?
2, 3, 821
Suppose 144 = -7*o - 1459. Let i = 446 + o. List the prime factors of i.
7, 31
Suppose -8*m + 7579 = -71421. Suppose 5*h - 17*r + 12*r = m, 3915 = 2*h + 5*r. List the prime factors of h.
2, 5, 197
Let j = 360 - 360. Suppose j = -8*p + 6248 - 2584. What are the prime factors of p?
2, 229
Suppose -2*t + 4 = x, -13*t + 4*x = -11*t + 16. Suppose 0 = 2*h + 2*y - 648, -5*h - 3*y + 4*y + 1650 = t. List the prime factors of h.
7, 47
Suppose -4*y - 20 = 0, -20 - 13 = -2*v + y. Suppose 8*t = v*t. Suppose -308 = -11*p - t*p. What are the prime factors of p?
2, 7
Let m(n) be the first derivative of 11*n**2 - 92*n + 35. List the prime factors of m(5).
2, 3
Suppose 2*z + 12*y = 15*y + 4111, 2*z - y = 4113. Let k = z - 1257. What are the prime factors of k?
2, 5
Suppose 4*y = z - 83, 5*z - 5*y - 219 = 121. What are the prime factors of z?
3, 7
Suppose 0 = a + 5*q - 282 + 1121, 2*a + 1648 = 5*q. Let d = a - -1396. What are the prime factors of d?
3, 7
Let u(b) = 56*b**2 - 31*b - 110. What are the prime factors of u(-8)?
2, 1861
Let b = 13246 - 7254. List the prime factors of b.
2, 7, 107
Let c be 2/3 - (-78)/18. Let k(n) = 12*n + 120. Let m be k(5). Suppose c*h - 895 = -m. List the prime factors of h.
11, 13
What are the prime factors of (13 + 68800/(-60))/((-1)/3)?
19, 179
Suppose 224 = -n - 116. Suppose -38 - 3364 = -6*d. Let j = n + d. What are the prime factors of j?
227
Let w(b) = 8 - 17 + 1 + 4*b. Let z = -5 + 11. What are the prime factors of w(z)?
2
Let d = 12521 - 2896. What are the prime factors of d?
5, 7, 11
Let r(g) = 86*g**2 + 90*g - 4. List the prime factors of r(12).
2, 5, 673
Let j(p) = p**3 - 4*p**2 - 8*p + 11. Let w(z) = 4*z - 114. Let v be w(31). What are the prime factors of j(v)?
3, 59
Suppose 938 = -13*p + 15*p. Suppose -2*r + 666 = 5*j + 189, 4*r = -5*j + p. Suppose -86*o + 87*o = j. What are the prime factors of o?
97
Let g(v) = -10*v + 52. Let p be g(5). List the prime factors of 2 - ((-36)/90)/(p/740).
2, 3, 5
Suppose y = 4*w - 4*y + 481, 3*w + 359 = 2*y. Let o = -71 - -30. Let k = o - w. List the prime factors of k.
2, 3, 13
Let v = -449 + 760. Suppose 4*o - 3*o = v. List the prime factors of o.
311
Let m(d) = 127*d**3 - 1. Let w be (3 + (-12)/3)*(-3 - -2). Let s be m(w). What are the prime factors of -4 + (-76)/(-20) + s/5?
5
Let c(z) = 875*z**2 - 6*z + 1. Let k be c(1). Let a = k - 639. What are the prime factors of a?
3, 7, 11
Let q(k) = -k**3 + 12*k**2 - 14*k + 38. Let n be q(11). Suppose -2 = 2*d, -3*f + 9*d = n*d - 619. List the prime factors of f.
5, 41
Suppose 5*w - 14540 = 5*z, 2*w - 3426 = -z + 2393. List the prime factors of w.
2909
Let h(g) = 3*g**3 + 6*g**2 - 6*g - 15. Let k be h(5). Let w = k + -403. List the prime factors of w.
7, 11
Let h = 49 + -63. Let w = h - 26. Let u = 194 + w. List the prime factors of u.
2, 7, 11
Let n = -1001 + 467. Let o = -2936 + 2796. List the prime factors of n/(-5) + 112/o.
2, 53
Let w(v) = 263*v**3 + 3*v**2 - 18*v - 7. What are the prime factors of w(3)?
37, 191
Let b(o) = 2*o**2 + o + 732. Let u be b(0). Let n = -700 + u. List the prime factors of n.
2
Let z(v) = 44*v**2 + 14*v + 47. Suppose 0 = 3*t - 41 + 53. What are the prime factors of z(t)?
5, 139
Suppose 5 = 5*l, -3*n + 122 = 2*n - 3*l. Let v be (-1)/5 - (2280/n)/(-6). Suppose 16*c - v*c - 191 = 0. List the prime factors of c.
191
Let j(m) = m**2 - 5. Let v(o) = o**2 + 16*o + 3. Let y be v(-16). Let l be j(y). List the prime factors of 24*-3*l/(-36).
2
Let v(r) = 23*r + 247. Let h be v(21). Let f = 3 + -1. What are the prime factors of -4 + h/6 + f/6?
2, 59
Suppose a + 18 = 13. List the prime factors of 8 + 48 - (a + 1).
2, 3, 5
Suppose 22*q - 7995 = 27*q. What are the prime factors of 1/((-9)/q) - (-46)/(-69)?
3, 59
Suppose 3*s - o - 14 = 0, 4*s - 15 = o + 3. Suppose 4*z + 2*w = s*w + 866, 3*z - 3*w = 654. List the prime factors of z.
5, 43
Suppose 2*m = -4*a, -3*m - 10 = m - 2*a. Let k be (-1313)/(-3) - ((-4)/3)/m. Suppose -2*y = 2*o + 3*y - k, 2*o - 433 = -y. List the prime factors of o.
2, 3
Let v = 7775 + 11654. List the prime factors of v.
19429
Suppose -48*y + 19174 = -126362. What are the prime factors of y?
2, 379
Let m be ((-145)/(-45) - 3) + 47/(-9). Let d = m - -34. Let j = d - 25. List the prime factors of j.
2
What are the prime factors of 5 + (-248708)/(-32) + 12/(-96)?
7, 11, 101
What are the prime factors of 5 + 3 + ((-42)/(-14) - -40985)?
2, 37, 277
Let s(j) = -91*j + 21. Suppose 4*p = 3*u - 21, 7 = -5*p - u - 5. What are the prime factors of s(p)?
2, 3, 7
Let k(q) = 34*q - 57. Let x be k(-6). Let y = x + 759. Suppose -y = 3*a - 6*a. What are the prime factors of a?
2, 83
Let a be (39 - 235)*85/(-4). Suppose 0 = 34*y - 27*y - a. What are the prime factors of y?
5, 7, 17
Let j = 779 - 618. Let v = j - -371. What are the prime factors of v?
2, 7, 19
Suppose 0 = -2*f - 2*c + 2, 2*c - 6*c + 4 = 0. Suppose 5*d = -5*w - 445, 2*w - 2*d + 3*d + 179 = f. List the prime factors of (-6)/(-10) - 14256/w.
3, 53
Let p be (-4)/(-10)*(-2)/(20/(-67225)). Suppose -7*w + 4*w = 4*o - p, -4*w + 3584 = 5*o. List the prime factors of w.
3, 11
Suppose -4*d + 13*c - 15*c = -2102, 2629 = 5*d + 2*c. Suppose -1125 = -2*b + d. List the prime factors of b.
2, 7, 59
Suppose 0*s - 48 = -s - 5*h, -5*h - 150 = -5*s. Suppose -3*a + s - 27 = 0. Suppose 4*v + 10 = -10, 5*l + a*v - 880 = 0. What are the prime factors of l?
2, 89
Suppose -64 = 18*l - 190. Let m(y) = y**3 - 9*y**2 + 29*y + 4. What are the prime factors of m(l)?
109
Let z = -11863 + 27227. What are the prime factors of z?
2, 23, 167
Let m = -694 - -507. Let d = 204 + m. What are the prime factors of d?
17
Suppose 0 = -9*i - 20*i + 377. Suppose -8 = 5*x - i, -4*x + 2386 = 3*b. List the prime factors of b.
2, 397
Let k(o) = -o**3 - 27*o**2 - 24*o + 55. Let b be k(-26). Let f(z) = -5*z**2 - 5*z + 12 + 4*z**2 + 14*z**2. List the prime factors of f(b).
2, 3, 19
Let p = 4105 + -2242. Let a = p + -1170. What are the prime factors of a?
3, 7, 11
Suppose -39*b = -3*w - 40*b + 7368, 4*w = 4*b + 9792. List the prime factors of w.
2, 3, 409
Suppose 4*g = -69*g + 395003. List the prime factors of g.
7, 773
Suppose 40 = 32*n - 27*n. Let l be 2705/(n + -3) + -1. Suppose 0 = 4*m + t - 720, -m + 4*m + 5*t - l = 0. List the prime factors of m.
2, 3, 5
Let j = -475 + 226. Let n = j + 306. List the prime factors of n.
3, 19
Suppose 45*a + 31*a - 4